 + 1*(-5 - -3). Suppose 9 - 57 = -4*d - 5*n, 5*d - 60 = c*n. What is the units digit of d?
2
Let p(a) = a - 1. Let z(t) = -17*t + 6. Let h(x) = 5*p(x) + z(x). Suppose -3*g + 5*n = 8, -4*g - 2*n + 3 = -5*g. What is the units digit of h(g)?
3
Let b(f) = 3*f**2 + f - 2. Let u(k) = -2 + 0*k + 2*k + 0*k**2 - k**2 + 6. Let r be u(2). What is the units digit of b(r)?
0
Let h = 7 + 9. Let c be 1 + -4 + 0 + h. Let m = c - -11. What is the units digit of m?
4
Let i(o) = 4*o**3 - 4*o**2 + 4*o - 39. Let a(t) = t**3 - t**2 + t + 1. Let y(r) = 3*a(r) - i(r). What is the units digit of y(0)?
2
Let n = 12 - 9. Suppose 0*a + 126 = 2*r + 5*a, 175 = n*r + 4*a. Suppose 95 + r = 4*p. What is the units digit of p?
7
Let i(t) = t**2 - 13*t - 18. Let q be i(14). Let n(d) = -d + 1. What is the units digit of n(q)?
5
Let l(z) = -4*z + 16. Let p be l(18). Let x = 179 + p. What is the units digit of x?
3
What is the tens digit of (-142)/(5*(-9)/315)?
9
Let v(x) = -43*x + 202. What is the units digit of v(-28)?
6
Let r(a) = a**3 - 4*a**2 - 31*a + 21. What is the hundreds digit of r(9)?
1
Let a = -1358 + 2281. What is the tens digit of a?
2
What is the tens digit of (-1 - -1198) + -1 + (10 - 9)?
9
Let y = 9 + -6. Suppose m = -2*p + 3 - 4, -2*p - 5 = -y*m. What is the units digit of (-162)/(-15) + p/(-5)?
1
Let i = -7718 + 12811. What is the tens digit of i?
9
Suppose r - 37 - 205 = 0. What is the hundreds digit of r?
2
Let r(g) = 84*g**3 - 3 + 1 - g**2 + 3. Let m be r(-1). Let w = m + 124. What is the tens digit of w?
4
Let l = -1074 + 1876. What is the hundreds digit of l?
8
What is the thousands digit of 11 + -13 + 10 - -5044?
5
Suppose 11 = -3*r - 16. Let c = -42 - r. Let t = -18 - c. What is the units digit of t?
5
Let o(t) = 5*t**3 + 0 - 1 - 6*t**2 + 2*t**2 + 3*t - 2. What is the hundreds digit of o(3)?
1
Let g(x) = -3*x**3 - 57*x**2 - 24*x + 16. What is the units digit of g(-19)?
2
Let u(h) = -h**2 - 4*h + 5. Let b be u(-5). Let t be b/(-6 - -4) + 113. Let p = 173 - t. What is the units digit of p?
0
Suppose -5*s - 4*o + 18556 = -8*o, 5*s - 18544 = o. What is the units digit of s?
8
What is the hundreds digit of (-3)/5 + 2368/5?
4
Let g = -34 + 65. Suppose 5*r - 251 = -g. What is the tens digit of r?
4
Suppose -3 + 0 = -h. What is the units digit of (2/h)/2*9?
3
What is the tens digit of (4082/39)/(2/3)?
5
Let q = 1135 - 477. What is the hundreds digit of q?
6
Let j = 385 - 213. Suppose -8*l + j + 740 = 0. What is the units digit of l?
4
Suppose -3*u = 7*s - 8*s + 855, -5*s + 2*u = -4327. What is the hundreds digit of s?
8
Let z(t) = -2*t - 21. Let u be z(-14). Suppose u*k = 40 + 93. What is the tens digit of k?
1
Let m(y) = -99*y**3 - 4*y + 1. Let o(k) = -k**3 + k + 1. Let u(v) = -m(v) - o(v). What is the tens digit of u(1)?
0
Let r be ((1 + 0)*-26)/2. Let j(w) = w + 6. Let g be j(r). Let q(l) = -3*l - 6. What is the units digit of q(g)?
5
Let f(d) = d**2 + 3*d + 1. Let w = 25 + -28. What is the units digit of f(w)?
1
Let j = -22 + 9. Let n(x) = -x - 8. Let p be n(j). Suppose -4*g = p*y - 135, 2*y - 4*g - 54 = -g. What is the tens digit of y?
2
Suppose -2*u - 3*u - 5*i + 15 = 0, 5*u + i - 23 = 0. Let t be 0 - -30 - (-2 + 0)*-2. Suppose 0*l - t = -4*l + 2*z, u*l + z = 50. What is the units digit of l?
9
Suppose n - 1 = j, n + 6 - 13 = -5*j. Let c(g) = 2*g**3 + g - 1. Let a be c(j). Suppose 95 = 3*f + a*f. What is the tens digit of f?
1
Let a(d) = -d + 10. Let t be a(7). Suppose -5*i + 46 = 3*s, 16 = -7*i + t*i. Suppose -2*p = -4*v - 40, -v + s = 2*p - 18. What is the tens digit of p?
2
Let d(k) = 13*k**2 - 75*k - 22. What is the units digit of d(11)?
6
What is the tens digit of 6039/(-132)*(-40)/6?
0
Suppose l = -5*g + 7, 2*l = -5*g + 2 + 2. Suppose -6*t + g*t = 0. Suppose 6*b - b - 140 = t. What is the tens digit of b?
2
Let k = 15 + -6. Suppose 3*h - k = 2*h. What is the units digit of (6/h)/((-10)/(-285))?
9
Let b = -4959 - -8485. What is the hundreds digit of b?
5
Suppose 12 = -m - 4*c - c, -3*m = 3*c. Suppose 0*i - m*i = 0. Suppose i = o - 0*o + 4*h - 8, -o + 7 = 5*h. What is the units digit of o?
2
Let g(f) = 118*f**2 + 16*f + 1. What is the thousands digit of g(-7)?
5
Let f = 895 - 171. What is the hundreds digit of f?
7
Suppose 0 = 38*d - 31*d - 24164. What is the hundreds digit of d?
4
Suppose -5*m + 2*n + 2200 = 0, -4*m + 1453 = 3*n - 307. What is the hundreds digit of m?
4
Let k(p) = 2*p**2 + 44*p + 26. What is the hundreds digit of k(-27)?
2
Let h be (-26)/(-2) - (9 - 9). Let z(v) be the second derivative of -v**5/20 + 7*v**4/6 - 5*v**3/3 - 2*v**2 + 16*v. What is the tens digit of z(h)?
3
Let t = 171 - 84. Let c = 160 - t. What is the tens digit of c?
7
What is the hundreds digit of ((-623)/((-70)/(-10)))/((-1)/11)?
9
Let o = 3 + 1. Suppose 4*n = 4*y - 9*y + 15, 0 = 3*y + 3*n - 9. Suppose r + o*b - 34 = 0, -4*r + 56 = -y*b - 118. What is the tens digit of r?
4
Let q = 4560 - 179. What is the units digit of q?
1
Suppose 0 = -g - 5*z + 558, 4*g - 4*z = 227 + 2125. What is the tens digit of g?
8
Suppose -5*d = q - 3*q + 35, -5*q + 5*d + 50 = 0. Suppose -q*v + 362 = -2*l - 488, 0 = 4*v - 5*l - 697. What is the tens digit of v?
6
Let h be -3 + 20/(-12)*-3. Suppose 2*b - h = -0*b. What is the tens digit of -6 + 32 - 0/b?
2
Let o(w) = -w**2 + 4*w + 342. What is the tens digit of o(0)?
4
Suppose 4*i - 2*u - 12 = 0, -4*u = i - 0*u - 3. Let g be 3 + (102 - 2) - i. Suppose 3*w + g = 8*w. What is the units digit of w?
0
Let m(g) = 105*g + 29. What is the tens digit of m(7)?
6
Suppose -3*q - 12 = -7*q. Suppose 0 = -5*f + q*f + 6. Suppose 5*v - 336 = 4*k, 3*v - 49 = -f*k + 158. What is the tens digit of v?
6
Let l(j) = 5*j**2 - 51*j + 38. Let h be l(12). Let q(z) = z**2 + 6*z + 5. Let g be q(-6). Suppose g*d - h = 59. What is the tens digit of d?
4
Let z = -2 - -10. What is the units digit of 21/(-2)*(-10 + z)?
1
Let s(h) = 4*h**2 - 7*h - 29. Let y be s(10). Let f = y + -111. What is the units digit of f?
0
Let j be (-8)/6 + 10/3. Suppose -j*z - 6 = 0, 2 = 3*r - z - 1. Suppose r = -4*x - x + 130. What is the tens digit of x?
2
Let y(k) = 4*k**2 - 5*k - 6. Let x be y(-8). Suppose x = t + 4*t. What is the tens digit of t?
5
Let a(r) = 3*r**2 + 17*r + 3. Let y be a(-6). What is the tens digit of (y - (1 - 3))*(6 + 11)?
8
Suppose -13 = m - 3*m - 5*g, -2*g - 2 = -m. Let b = m - -9. What is the units digit of b?
3
Let b(l) = 49*l**3 - 3*l**2 - l + 14. What is the thousands digit of b(4)?
3
Let r = 22 + -29. Let n be 8*r/(7/(-2)). Suppose -9 + n = c. What is the units digit of c?
7
Suppose -5*p + 275 = 2*z, 2*z = -p - p + 110. Let s = p + -6. What is the units digit of s?
9
Let o be (-3580)/(-25) + (-2)/10. Let l = o + -100. What is the tens digit of l?
4
Let x = 38 - 19. Let w = 19 - x. Let h(a) = a**3 + a**2 - 2*a + 36. What is the tens digit of h(w)?
3
Suppose -1256 - 328 = -8*u. What is the tens digit of u?
9
Suppose 145 = 5*r + 10. Let c = 59 - r. Suppose 4*x + 1 = 3*f + c, -x + 2*f + 4 = 0. What is the units digit of x?
0
Suppose -56*b = -42*b - 4816. What is the tens digit of b?
4
What is the tens digit of 21038/42 + ((-896)/(-147) - 6)?
0
Suppose -6*n + 4*n + 1404 = 2*j, 5*n - 682 = -j. What is the tens digit of j?
0
What is the hundreds digit of (-2)/(-33) - (-720642)/1287?
5
Let c = 692 - -176. Suppose -6*h = -2*h - c. What is the tens digit of h?
1
Let g(u) = -21*u - 52. Let z be g(-18). Suppose 0 = -2*w + 276 + z. What is the hundreds digit of w?
3
Let b(g) = 46*g**2 - 21*g + 1. What is the units digit of b(-2)?
7
Suppose z + z - 2*h + 380 = 0, -2*z - h = 386. What is the units digit of (20/(-8) + 2)/(1/z)?
6
Suppose 1174 = c - 5*l, 2*l - 2408 = -5*c + 3*c. What is the thousands digit of c?
1
Let a = -10 + 43. Suppose -372 = -5*n + a. What is the units digit of n?
1
Let v = 15 + -6. Let j = v + -7. What is the units digit of (j/3)/(1/3)?
2
Let r = -338 + 1660. What is the units digit of r?
2
Let g(n) = -13 - 4*n**3 + 3*n**3 + 11*n**2 - 6*n + 0*n**3. Let o(z) = 2*z + 2. Let l be o(4). What is the tens digit of g(l)?
2
Let f = -15 + 18. Suppose 2*t + 3*u = -45, -f*t + 0*u + u = 84. Let o = t + 35. What is the units digit of o?
8
Let m = -532 - -547. Let b = -46 - -93. Let t = b - m. What is the units digit of t?
2
Let p(o) = -1. Let q(t) = 5*t - 11. Let d = -7 